mon divisor of 1625 and 2000?
125
What is the greatest common divisor of 180 and 72?
36
What is the highest common factor of 46275 and 75?
75
Calculate the highest common factor of 4977 and 42.
21
Calculate the highest common factor of 1924 and 104.
52
What is the highest common factor of 348 and 3712?
116
Calculate the greatest common divisor of 27 and 15.
3
Calculate the highest common divisor of 4 and 186.
2
Calculate the highest common factor of 872 and 16.
8
Calculate the greatest common factor of 35860 and 660.
220
Calculate the highest common factor of 841 and 29.
29
What is the highest common factor of 150 and 18?
6
What is the greatest common factor of 147 and 63?
21
What is the highest common factor of 104 and 16?
8
Calculate the highest common factor of 235 and 16685.
235
Calculate the highest common factor of 567 and 105.
21
What is the greatest common factor of 515 and 10?
5
Calculate the greatest common divisor of 67 and 737.
67
What is the greatest common divisor of 128 and 24?
8
Calculate the highest common factor of 5016 and 2166.
114
What is the highest common factor of 450 and 140?
10
What is the highest common divisor of 6 and 27?
3
What is the greatest common divisor of 3095 and 5?
5
What is the highest common factor of 18 and 18?
18
What is the greatest common divisor of 46 and 3611?
23
What is the highest common factor of 4 and 96?
4
What is the greatest common divisor of 2024 and 99?
11
What is the greatest common factor of 1870 and 330?
110
Calculate the highest common factor of 2 and 62.
2
Calculate the greatest common factor of 116 and 16.
4
Calculate the greatest common factor of 984 and 36.
12
Calculate the highest common divisor of 15 and 350.
5
What is the greatest common divisor of 182 and 494?
26
What is the greatest common divisor of 63 and 14?
7
Calculate the highest common divisor of 112 and 9296.
112
Calculate the greatest common factor of 3658 and 118.
118
What is the greatest common divisor of 46 and 1702?
46
Calculate the highest common factor of 9 and 10044.
9
Calculate the greatest common factor of 899 and 713.
31
What is the highest common factor of 384 and 40?
8
What is the greatest common divisor of 90 and 40?
10
Calculate the highest common factor of 315 and 126.
63
What is the highest common divisor of 504 and 2464?
56
Calculate the highest common divisor of 10944 and 16.
16
What is the greatest common divisor of 99 and 396?
99
What is the highest common factor of 126 and 14?
14
Calculate the highest common divisor of 111 and 123.
3
Calculate the greatest common divisor of 11 and 154.
11
What is the highest common factor of 2365 and 10?
5
What is the highest common divisor of 11 and 4653?
11
What is the highest common divisor of 920 and 280?
40
What is the highest common divisor of 76 and 19?
19
Calculate the highest common divisor of 912 and 684.
228
Calculate the greatest common factor of 1032 and 24.
24
What is the greatest common divisor of 6 and 594?
6
Calculate the greatest common divisor of 38 and 437.
19
What is the greatest common divisor of 36 and 2142?
18
What is the greatest common divisor of 16 and 4?
4
Calculate the greatest common factor of 527 and 51.
17
Calculate the highest common factor of 132 and 21.
3
Calculate the greatest common divisor of 10 and 14.
2
Calculate the highest common divisor of 392 and 8.
8
What is the greatest common divisor of 160 and 1090?
10
What is the highest common factor of 209 and 2432?
19
What is the highest common factor of 175 and 75?
25
What is the greatest common divisor of 34 and 544?
34
Calculate the greatest common divisor of 377 and 58.
29
What is the greatest common divisor of 5533 and 154?
11
What is the greatest common factor of 9387 and 1639?
149
What is the highest common factor of 87 and 348?
87
Calculate the greatest common divisor of 6392 and 282.
94
Calculate the greatest common factor of 729 and 81.
81
What is the highest common divisor of 21868 and 56?
28
Calculate the highest common factor of 395 and 120.
5
What is the highest common factor of 9 and 288?
9
What is the highest common divisor of 564 and 39668?
188
Calculate the highest common divisor of 13740 and 60.
60
What is the highest common divisor of 1323 and 84?
21
What is the highest common divisor of 10 and 32840?
10
What is the greatest common factor of 640 and 240?
80
What is the greatest common divisor of 8037 and 342?
171
Calculate the highest common factor of 20345 and 130.
65
Calculate the greatest common divisor of 21 and 9.
3
Calculate the greatest common factor of 1102 and 190.
38
Calculate the highest common divisor of 221 and 17.
17
Calculate the highest common divisor of 46472 and 157.
157
What is the highest common factor of 25 and 800?
25
What is the highest common divisor of 1275 and 8160?
255
What is the highest common divisor of 135 and 30?
15
Calculate the greatest common divisor of 98 and 2254.
98
What is the greatest common divisor of 6 and 18?
6
Calculate the highest common divisor of 1288 and 112.
56
Calculate the highest common factor of 132 and 3828.
132
What is the highest common factor of 118 and 79414?
118
What is the highest common divisor of 3475 and 25?
25
What is the highest common divisor of 451 and 287?
41
What is the highest common divisor of 423 and 3102?
141
Calculate the greatest common factor of 20 and 620.
20
What is the greatest common factor of 5 and 12?
1
Calculate the highest common factor of 48 and 108.
12
Calculate the greatest common factor of 11 and 1969.
11
Calculate the highest common divisor of 55 and 1507.
11
Calculate the greatest common factor of 60 and 80.
20
What is the highest common factor of 253 and 1863?
23
What is the highest common divisor of 405 and 225?
45
Calculate the highest common factor of 6432 and 96.
96
What is the greatest common factor of 19 and 1?
1
What is the highest common factor of 750 and 27?
3
What is the highest common divisor of 6 and 78?
6
Calculate the greatest common divisor of 2 and 117.
1
What is the highest common divisor of 28 and 8876?
28
Calculate the highest common divisor of 63 and 15435.
63
What is the highest common divisor of 145 and 464?
29
What is the highest common factor of 130 and 455?
65
Calculate the greatest common factor of 24189 and 33.
33
Calculate the highest common divisor of 672 and 120.
24
What is the highest common factor of 248 and 310?
62
Calculate the highest common divisor of 50 and 250.
50
What is the greatest common factor of 30 and 190?
10
What is the greatest common factor of 688 and 7396?
172
Calculate the greatest common divisor of 203 and 133.
7
What is the highest common factor of 122 and 5734?
122
Calculate the greatest common factor of 127 and 8382.
127
What is the greatest common divisor of 8 and 184?
8
What is the greatest common divisor of 855 and 3135?
285
What is the highest common factor of 232 and 22?
2
What is the highest common factor of 15 and 1215?
15
What is the greatest common factor of 3686 and 152?
38
Calculate the greatest common divisor of 60 and 1452.
12
What is the highest common factor of 27 and 4563?
27
Calculate the greatest common factor of 220 and 3135.
55
What is the highest common divisor of 51 and 2397?
51
What is the greatest common divisor of 67 and 469?
67
Calculate the highest common factor of 147 and 63.
21
What is the highest common factor of 224 and 768?
32
Calculate the highest common divisor of 186 and 30.
6
What is the highest common divisor of 3175 and 1143?
127
What is the greatest common divisor of 52 and 3341?
13
What is the highest common divisor of 1498 and 14?
14
Calculate the greatest common factor of 77 and 35.
7
What is the highest common factor of 424 and 40?
8
What is the highest common divisor of 40 and 230?
10
Calculate the greatest common divisor of 5 and 180.
5
Calculate the highest common factor of 160 and 5.
5
What is the greatest common divisor of 1955 and 529?
23
Calculate the highest common divisor of 373 and 74227.
373
What is the highest common factor of 338 and 234?
26
What is the greatest common divisor of 36 and 16?
4
What is the highest common divisor of 8 and 152?
8
Calculate the highest common factor of 32 and 3928.
8
Calculate the highest common divisor of 68 and 4471.
17
What is 